 the highest common divisor of 1284025 and 2225.
25
Calculate the highest common factor of 1607125 and 2275.
325
Calculate the greatest common divisor of 763539 and 69937.
721
What is the highest common divisor of 5523 and 20622093?
789
Calculate the greatest common factor of 280 and 1308435.
5
Calculate the highest common divisor of 146 and 62394.
2
Calculate the highest common divisor of 4203 and 796430673.
4203
Calculate the greatest common factor of 785861492 and 67.
67
What is the highest common divisor of 595 and 62592045?
85
What is the highest common divisor of 132 and 1917586?
22
What is the highest common divisor of 245 and 12195?
5
Calculate the highest common factor of 325760355 and 1017.
1017
What is the greatest common divisor of 48035 and 43243324?
739
What is the highest common divisor of 40 and 418504?
8
Calculate the highest common divisor of 4164893 and 116.
29
Calculate the highest common divisor of 560999039 and 883.
883
Calculate the greatest common factor of 62656354 and 14752.
922
What is the highest common factor of 1550490 and 1410?
30
What is the highest common divisor of 47 and 363854213?
47
Calculate the highest common divisor of 37 and 78823986.
37
Calculate the greatest common factor of 15858 and 83862.
18
What is the highest common divisor of 237838 and 981?
109
What is the highest common factor of 26 and 458456531?
13
What is the greatest common factor of 51645 and 42255?
4695
What is the greatest common divisor of 1113292 and 54855?
23
Calculate the highest common factor of 1114 and 478279747.
557
Calculate the greatest common divisor of 10798343 and 32608.
1019
What is the highest common factor of 331440 and 831120?
240
What is the greatest common factor of 1007 and 176331?
53
Calculate the highest common divisor of 3111120 and 18580.
20
Calculate the greatest common factor of 145425924 and 756.
252
Calculate the highest common divisor of 164150 and 9878400.
2450
Calculate the greatest common factor of 20808344 and 152.
152
Calculate the greatest common divisor of 4731 and 2885226.
57
What is the highest common factor of 2323230820 and 3370?
3370
Calculate the greatest common factor of 17946 and 6138.
18
Calculate the highest common factor of 1566 and 534934.
58
Calculate the greatest common divisor of 74173 and 1908896.
121
Calculate the highest common divisor of 26000330 and 10.
10
What is the greatest common factor of 86385 and 1198315?
2215
Calculate the greatest common factor of 5 and 93737010.
5
What is the greatest common factor of 52896 and 9762618?
3306
What is the greatest common factor of 134230 and 11665020?
4330
What is the highest common divisor of 19372621 and 614?
307
Calculate the highest common divisor of 426886713 and 66.
33
What is the greatest common divisor of 82012 and 553?
7
Calculate the highest common factor of 4703408 and 161.
23
Calculate the greatest common factor of 2637600 and 65184.
672
Calculate the greatest common divisor of 166460 and 244770.
410
What is the highest common divisor of 3707866 and 10754?
566
Calculate the greatest common factor of 447518091 and 3.
3
What is the greatest common factor of 463509117 and 261?
261
Calculate the greatest common factor of 3360442 and 29108.
766
Calculate the highest common divisor of 50 and 969212050.
50
Calculate the highest common factor of 97533 and 46575.
9
What is the greatest common factor of 49 and 2277191?
7
What is the highest common divisor of 18868 and 21521980?
356
Calculate the highest common divisor of 39 and 28495493.
13
Calculate the greatest common factor of 11799 and 9619911.
621
Calculate the highest common factor of 16 and 7843368.
8
What is the greatest common factor of 785 and 104772537?
157
What is the highest common divisor of 1343280 and 29722?
386
What is the highest common factor of 27 and 632013?
3
What is the highest common divisor of 100 and 90934100?
100
What is the highest common factor of 108857242 and 5369?
767
Calculate the highest common divisor of 120 and 261323655.
15
What is the highest common divisor of 2926308 and 2156?
308
Calculate the highest common divisor of 3005 and 865.
5
What is the greatest common factor of 1813371 and 49?
7
Calculate the highest common divisor of 92099 and 532357.
413
What is the highest common divisor of 36 and 2366780364?
36
Calculate the greatest common factor of 6762 and 19432056.
966
What is the highest common factor of 60126 and 250998?
66
Calculate the highest common divisor of 564141 and 4747.
47
What is the greatest common factor of 47 and 96312917?
47
Calculate the greatest common divisor of 123 and 556428220.
41
What is the greatest common divisor of 59737 and 138415?
1457
What is the greatest common factor of 11192 and 2760?
8
What is the highest common divisor of 99726 and 16038?
66
Calculate the highest common divisor of 2675 and 13378210.
535
Calculate the greatest common divisor of 812012854 and 6511.
6511
Calculate the greatest common factor of 5332 and 433096.
172
Calculate the highest common factor of 257076144 and 416.
208
Calculate the highest common factor of 336342226 and 10652.
5326
Calculate the highest common factor of 175720161 and 69.
69
Calculate the greatest common factor of 1770 and 100879085.
295
Calculate the highest common factor of 52246076 and 2476.
2476
Calculate the highest common divisor of 2331 and 62438166.
2331
What is the greatest common divisor of 106798952 and 702?
26
Calculate the greatest common divisor of 27914062 and 2739.
913
What is the greatest common divisor of 144 and 38039328?
144
Calculate the greatest common divisor of 3438947275 and 9937.
9937
Calculate the greatest common factor of 2290665 and 3358095.
3315
What is the highest common factor of 34990 and 26392957?
3499
Calculate the highest common factor of 1724 and 6498187.
431
Calculate the greatest common factor of 355 and 60129900.
355
What is the highest common factor of 200554 and 102512?
298
Calculate the highest common divisor of 1271074 and 2218531.
3899
Calculate the greatest common factor of 3447 and 196426146.
1149
Calculate the highest common divisor of 143127 and 914128.
589
Calculate the greatest common divisor of 1811757 and 69.
3
What is the highest common divisor of 4970 and 3531540?
710
What is the greatest common divisor of 7330787 and 31?
31
Calculate the greatest common divisor of 92 and 168968994.
46
What is the highest common divisor of 76970 and 35690?
430
Calculate the highest common factor of 7747509 and 970662.
2541
Calculate the highest common divisor of 5934897 and 14364.
513
Calculate the greatest common factor of 1672890 and 4395.
15
Calculate the highest common factor of 130939452 and 144.
36
What is the greatest common factor of 11925 and 312525?
225
What is the highest common factor of 156941135 and 60970?
4355
Calculate the highest common factor of 2299324 and 3616.
452
What is the highest common divisor of 16800 and 69647400?
600
What is the highest common factor of 4846 and 367263802?
4846
Calculate the greatest common factor of 72846 and 727182.
1278
What is the highest common factor of 1978 and 2400131?
43
Calculate the greatest common divisor of 105 and 38658225.
15
What is the highest common factor of 20135029 and 1556?
389
What is the greatest common divisor of 480 and 137121780?
60
Calculate the highest common factor of 1105 and 7839210.
85
What is the highest common factor of 263999728 and 4109?
587
What is the highest common factor of 12087 and 2225793?
51
Calculate the highest common factor of 579018 and 432141.
849
What is the highest common factor of 6177474 and 72?
18
What is the highest common divisor of 24390932 and 14?
2
What is the highest common factor of 72765 and 18011910?
735
What is the highest common factor of 8413181 and 11305?
2261
Calculate the greatest common divisor of 42759392 and 2392.
2392
What is the highest common factor of 3205 and 546923635?
3205
Calculate the highest common factor of 10706 and 71306.
202
Calculate the greatest common factor of 345 and 7182785.
115
What is the greatest common factor of 277 and 1350857?
1
Calculate the highest common divisor of 126757175 and 12125.
2425
Calculate the highest common divisor of 1163170580 and 1573.
1573
What is the highest common factor 